rime factors of r(t).
3
Let g = 13 - 9. Suppose -g*t + 201 = -4*p + t, -3*t = -15. What are the prime factors of p/(-6) + 2/(-6)?
7
Let y be (-54)/4*(-36)/(-6). Let o = 115 + y. List the prime factors of o.
2, 17
Let w = 40 + 47. Suppose 0 = -6*x + 3*x + w. List the prime factors of x.
29
Suppose -32 + 250 = 2*v. List the prime factors of v.
109
Suppose 3*n = 4*n. Suppose n = -0*t + t - 11. What are the prime factors of t?
11
Let b be (-1344)/(-45) - (-4)/30. Suppose 0*w - 5*w + b = 0. What are the prime factors of w?
2, 3
Suppose c + 11 = -5*u + 46, 5 = -5*u. Suppose 5*w + 0*w = c. What are the prime factors of w?
2
Let m(q) = 5*q - 3 - 4*q + 0*q + 2*q**2. What are the prime factors of m(-3)?
2, 3
Let x(t) = 2*t + 10. Let f(b) = 2*b + 11. Let s(d) = 3*f(d) - 4*x(d). What are the prime factors of s(-5)?
3
Let z(v) = 4*v**2 + v. Let b be z(1). Suppose -5*w + 8 = -w, -b*a - 2*w + 139 = 0. Suppose -y + 3*r + a = 0, -r - 25 = 4*r. What are the prime factors of y?
2, 3
Suppose 1 = 2*d - g, 3*g - 7*g = 3*d + 26. Let w = 19 + -11. Let s = d + w. What are the prime factors of s?
2, 3
Let b = 3 - -2. Suppose -c - 2 = -b*u, 0 = -3*u + 4*u. List the prime factors of 16/9 + c/(-9).
2
List the prime factors of 40/((-30)/9 + 4).
2, 3, 5
Let u(k) be the first derivative of k**2 - 6*k - 1. What are the prime factors of u(12)?
2, 3
Let i = -39 + 66. Suppose s - 2*j = 5*s - 50, -3*j - 30 = -s. Let z = i - s. List the prime factors of z.
2, 3
Suppose -5*v - 11 = 9. Let q = v - -9. Suppose 8 = k - 3*z, -3*z = -0*k + q*k - 40. List the prime factors of k.
2
Let l be (-4 + 50)*(-1)/(-1). Suppose -l = -5*c + 49. List the prime factors of c.
19
Let r be 1*(-2 + (2 - -2)). Suppose -14 = -3*u + 4*q, 6 = 3*u + q + r. What are the prime factors of u?
2
Let j(x) = 4*x**2 - 3*x - 3. Let p be j(-2). Let b = -4 - -13. Let l = p - b. List the prime factors of l.
2, 5
Suppose -3 + 11 = 4*b. Suppose -4 = -b*w + n - 1, 5 = 5*w - 5*n. What are the prime factors of w?
2
Suppose y + 54 + 23 = 2*w, 2*w - 74 = -2*y. What are the prime factors of w?
2, 19
Suppose 2*z + 5 = 2*h + 3, -3*h + 5*z - 3 = 0. Suppose -h*b = -7*b + 54. List the prime factors of b.
2, 3
Suppose 12*u - 10 = 7*u. Suppose 2*v - 3*g - 83 = u*g, 48 = v + 4*g. List the prime factors of v.
2, 11
Suppose -5*p - 4*l = -80, 5*p + 3*l + 17 = 92. What are the prime factors of p?
2, 3
Let o = 15 - 8. Suppose 3*h = -o + 43. List the prime factors of h.
2, 3
Let n = 34 + -78. Let s be n/(-3)*(-9)/(-3). Suppose 12 - s = -4*p. What are the prime factors of p?
2
Suppose -y + 5 = -3*o, -4*y + 20 = -3*o + 6*o. Suppose 5 = -y*t + 45. What are the prime factors of t?
2
Suppose -4*i = 4*t - 40, -4*i + 22 + 13 = 3*t. Suppose -k = -t + 3. Suppose r = -k*r + 2*d + 11, -4*r + d = -23. List the prime factors of r.
7
Let m(v) = v**2 - 4*v + 4. Let l be m(7). Suppose 0 = 2*a + 5*x - 38 - 17, -5*x = -l. Suppose 0 = -3*y + a + 6. List the prime factors of y.
7
Let i(d) = -18*d + 2. What are the prime factors of i(-2)?
2, 19
Suppose -5*g + 120 = -0*g + 4*o, -94 = -3*g + 2*o. List the prime factors of g.
2, 7
Let r be 63/14*68/6. Suppose g = -2*g + r. What are the prime factors of g?
17
Suppose 0 = -5*y - 6 - 4. Let w = y + 42. What are the prime factors of w?
2, 5
Let s = 86 + 40. List the prime factors of s.
2, 3, 7
Suppose -4*b + 3 + 15 = -2*g, -12 = 4*g. Suppose s + 5*i + 16 = 0, -b*s + 4*s = i + 8. Suppose 17 = s*w - 15. What are the prime factors of w?
2
Suppose -3*m - 42 = -6*m. List the prime factors of m.
2, 7
Suppose 3*m + u = 15, m = -4*m - 3*u + 21. Suppose m*l = 3*l + 135. What are the prime factors of l?
3, 5
Suppose 5*k + 0*k + 5*c - 25 = 0, -5*c - 39 = -3*k. Let z = k - 0. List the prime factors of z.
2
Let x be 6*(10/(-6) - -2). Let l = -4 + 4. Suppose l*q - 5*s = x*q - 37, 3*s = -5*q + 102. List the prime factors of q.
3, 7
Let m(j) = -3*j**2 + 3*j - 1. Let s be m(3). Let p = -1 + -32. Let y = s - p. What are the prime factors of y?
2, 7
Let x = 210 + -22. List the prime factors of x.
2, 47
Let d = -10 + 19. Let u be d/7 - 2/7. Suppose v = 2*p + 3, -3*p = -v - u + 4. List the prime factors of v.
3
Let n(m) = -m**2 + 6*m - 6. Let w be n(4). Suppose 0 = -d + w*h - 6*h + 17, -2*d - 5*h = -46. Let z = d + -21. What are the prime factors of z?
2, 3
Let s(v) = 4*v**2 + 3*v - 7. Let u(d) = -d**2 - d + 1. Let y(n) = s(n) + 3*u(n). List the prime factors of y(-4).
2, 3
Let s(p) = 3*p**3 + p**2 + 6*p - 5. Let r be s(3). Suppose 5*h - r = -2*k, -3*h = -2*k - 3*k - 68. What are the prime factors of h?
3, 7
Suppose -12 = -4*r, 3*q - 728 + 197 = -3*r. List the prime factors of q.
2, 3, 29
Let c = 207 - 75. What are the prime factors of c?
2, 3, 11
List the prime factors of ((-12)/30)/((-2)/510).
2, 3, 17
Let q be -25*-2*(-6)/(-15). Suppose 4*l - q = -l. Suppose -3*z + 29 = 5*u, -19 - 9 = -4*z + l*u. List the prime factors of z.
2
Let m(k) = 4*k**2 - 4*k + 2. Let s be -2*((-36)/8)/3. List the prime factors of m(s).
2, 13
List the prime factors of 14 + -2 - (0 - 1).
13
Suppose 0 = 4*z - 2*z + 72. Let k = 75 + z. What are the prime factors of k?
3, 13
Suppose 45*b - 68 = 41*b. List the prime factors of b.
17
Suppose 4*b - 5*b + 9 = 0. Let v be (4/(-6))/((-2)/b). Suppose 0 = -r - 3, v*r + 1 = -0*c - 2*c. What are the prime factors of c?
2
Let t be (-92)/(-20) - 2/(-5). Suppose t*r - 49 = z, r + 5*z + 6 = -5. What are the prime factors of r?
3
Let a(o) = 2*o. Let d be a(-3). Let b(u) be the third derivative of u**6/120 + u**5/12 - 7*u**4/24 + u**3 - 2*u**2. List the prime factors of b(d).
2, 3
Let i be (-252)/(-35) - (-2)/(-10). Suppose w + 0*w = i. What are the prime factors of w?
7
Suppose 5*i - 2*x - 88 + 18 = 0, 28 = 2*i - 3*x. Suppose 0 = 3*k - 3*s - 4 - 11, 4*s + i = k. Suppose r - 9 = -k*r. List the prime factors of r.
3
Suppose 9 = -k + 3. Let q = 5 + k. What are the prime factors of (-7)/(-2 - q/1)?
7
Suppose g = 4*v - 11 - 44, -3*v + 37 = -5*g. Let q = v - -11. Suppose -3*t = -2 - q. List the prime factors of t.
3
Let i(s) = -s**2 - 4*s + 4. Let r be i(-6). List the prime factors of 2/r + (-507)/(-12).
2, 3, 7
Let k(j) = 1 + 4*j + 0*j - 5. Suppose -4*z + 3 + 5 = -3*g, -3*z + 15 = 0. List the prime factors of k(g).
2, 3
Let p(n) = -n**3 - 3 + 5*n - 7*n + 6*n**2 + 3. Let v be p(4). Let s = v + -3. What are the prime factors of s?
3, 7
Let y = -2 - -4. Suppose 0*i = 5*i + h - 107, -2*h = y*i - 38. What are the prime factors of -2*(1 - i/4)?
3
What are the prime factors of ((-312)/30)/(0 + 2/(-10))?
2, 13
List the prime factors of 253/2*(12 - 10).
11, 23
Let f be -3 + 2 - (1 - 10). Let h(i) = 0 + 4*i - f + 2. List the prime factors of h(6).
2, 3
Let h(l) = 129*l**2 + 4*l - 4. List the prime factors of h(1).
3, 43
Suppose 0 = -3*n - 5*i - 19, 0*n - 3*n + 2*i = -16. Suppose n*k - 60 = -8. List the prime factors of k.
2, 13
Let z = 220 + -130. List the prime factors of z.
2, 3, 5
Let u(p) = 193*p + 3. List the prime factors of u(1).
2, 7
Let q be 0 + 2/4*0. Let k be -1*q/(-2) + 4. Suppose -k*r + 9*r - 60 = 0. List the prime factors of r.
2, 3
Suppose -3*a - d + 1 = -14, a + 2*d = 10. Suppose 3*q - x - 4 - 4 = 0, -a*x - 4 = -5*q. What are the prime factors of q?
2
Suppose q - 4*f - f - 1 = 0, q - f = 9. Suppose -8*b = -9*b + q. List the prime factors of b.
11
Let l(r) = -r**3 - 5*r**2 + r - 5. Let p be l(-5). List the prime factors of 1176/60 - 4/p.
2, 5
Let j = -7 - -5. Let l(q) = q**3 - q - 40. Let u be l(0). List the prime factors of ((-2)/(-4))/(j/u).
2, 5
Suppose 0 = -3*f - 2 + 17. Suppose -f = p - 15. What are the prime factors of p?
2, 5
Let l be ((-1)/(-3))/(3/81). Let z be (-3)/l - 20/(-6). Let a = 5 - z. What are the prime factors of a?
2
Suppose b - 6*h = -h + 143, 0 = -3*b + 2*h + 403. Let w = -82 + b. List the prime factors of w.
3, 17
Let a(y) = -y + 1. Let h(t) = -4*t + 3. Let p(q) = -9*a(q) + 2*h(q). Let n be p(5). Suppose n*j - 16 = 12. List the prime factors of j.
2, 7
Let x(d) = 11*d**2 + 8*d - 2. List the prime factors of x(3).
11
Suppose 3*g - 3*w + 25 = -14, -26 = 2*g - 3*w. Let o be -13*(-1 - (g + 2)). What are the prime factors of (-4)/14 + o/(-14)?
3
Let r(g) = -g**2 + 1. Let q be r(1). Suppose 4*h - 50 = -q*u - 2*u, 75 = 3*u - 4*h. List the prime factors of u.
5
Suppose 18*x - 17*x = 81. What are the prime factor